{"id":1874,"date":"2018-10-31T13:00:19","date_gmt":"2018-10-31T11:00:19","guid":{"rendered":"http:\/\/szentannaplebania.dnyem.hu\/wp-content\/uploads\/Requiem-a-magyar-h\u0151s\u00f6k\u00e9rt.jpg"},"modified":"2018-10-31T13:00:19","modified_gmt":"2018-10-31T11:00:19","slug":"requiem-a-magyar-hosokert","status":"inherit","type":"attachment","link":"https:\/\/szentannaplebania.dnyem.hu\/?attachment_id=1874","title":{"rendered":"Requiem a magyar h\u0151s\u00f6k\u00e9rt"},"author":2,"featured_media":0,"comment_status":"closed","ping_status":"closed","template":"","meta":[],"class_list":["post-1874","attachment","type-attachment","status-inherit","hentry"],"jetpack_shortlink":"https:\/\/wp.me\/a9doK4-ue","jetpack_sharing_enabled":true,"description":{"rendered":"<p class=\"attachment\"><a href='https:\/\/szentannaplebania.dnyem.hu\/wp-content\/uploads\/Requiem-a-magyar-h\u0151s\u00f6k\u00e9rt.jpg'><img loading=\"lazy\" decoding=\"async\" width=\"211\" height=\"300\" src=\"https:\/\/szentannaplebania.dnyem.hu\/wp-content\/uploads\/Requiem-a-magyar-h\u0151s\u00f6k\u00e9rt-211x300.jpg\" class=\"attachment-medium size-medium\" alt=\"\" srcset=\"https:\/\/szentannaplebania.dnyem.hu\/wp-content\/uploads\/Requiem-a-magyar-h\u0151s\u00f6k\u00e9rt-211x300.jpg 211w, https:\/\/szentannaplebania.dnyem.hu\/wp-content\/uploads\/Requiem-a-magyar-h\u0151s\u00f6k\u00e9rt-768x1090.jpg 768w, https:\/\/szentannaplebania.dnyem.hu\/wp-content\/uploads\/Requiem-a-magyar-h\u0151s\u00f6k\u00e9rt-722x1024.jpg 722w, https:\/\/szentannaplebania.dnyem.hu\/wp-content\/uploads\/Requiem-a-magyar-h\u0151s\u00f6k\u00e9rt.jpg 1748w\" sizes=\"auto, (max-width: 211px) 100vw, 211px\" \/><\/a><\/p>\n"},"caption":{"rendered":""},"alt_text":"","media_type":"image","mime_type":"image\/jpeg","media_details":{"width":1748,"height":2480,"file":"Requiem-a-magyar-h\u0151s\u00f6k\u00e9rt.jpg","sizes":{"thumbnail":{"file":"Requiem-a-magyar-h\u0151s\u00f6k\u00e9rt-150x150.jpg","width":150,"height":150,"mime_type":"image\/jpeg","source_url":"https:\/\/szentannaplebania.dnyem.hu\/wp-content\/uploads\/Requiem-a-magyar-h\u0151s\u00f6k\u00e9rt-150x150.jpg"},"medium":{"file":"Requiem-a-magyar-h\u0151s\u00f6k\u00e9rt-211x300.jpg","width":211,"height":300,"mime_type":"image\/jpeg","source_url":"https:\/\/szentannaplebania.dnyem.hu\/wp-content\/uploads\/Requiem-a-magyar-h\u0151s\u00f6k\u00e9rt-211x300.jpg"},"medium_large":{"file":"Requiem-a-magyar-h\u0151s\u00f6k\u00e9rt-768x1090.jpg","width":768,"height":1090,"mime_type":"image\/jpeg","source_url":"https:\/\/szentannaplebania.dnyem.hu\/wp-content\/uploads\/Requiem-a-magyar-h\u0151s\u00f6k\u00e9rt-768x1090.jpg"},"large":{"file":"Requiem-a-magyar-h\u0151s\u00f6k\u00e9rt-722x1024.jpg","width":722,"height":1024,"mime_type":"image\/jpeg","source_url":"https:\/\/szentannaplebania.dnyem.hu\/wp-content\/uploads\/Requiem-a-magyar-h\u0151s\u00f6k\u00e9rt-722x1024.jpg"},"post-thumbnail":{"file":"Requiem-a-magyar-h\u0151s\u00f6k\u00e9rt-825x510.jpg","width":825,"height":510,"mime_type":"image\/jpeg","source_url":"https:\/\/szentannaplebania.dnyem.hu\/wp-content\/uploads\/Requiem-a-magyar-h\u0151s\u00f6k\u00e9rt-825x510.jpg"},"full":{"file":"Requiem-a-magyar-h\u0151s\u00f6k\u00e9rt.jpg","width":1748,"height":2480,"mime_type":"image\/jpeg","source_url":"https:\/\/szentannaplebania.dnyem.hu\/wp-content\/uploads\/Requiem-a-magyar-h\u0151s\u00f6k\u00e9rt.jpg"}},"image_meta":{"aperture":"0","credit":"","camera":"","caption":"","created_timestamp":"0","copyright":"","focal_length":"0","iso":"0","shutter_speed":"0","title":"","orientation":"0","keywords":[]}},"post":null,"source_url":"https:\/\/szentannaplebania.dnyem.hu\/wp-content\/uploads\/Requiem-a-magyar-h\u0151s\u00f6k\u00e9rt.jpg","_links":{"self":[{"href":"https:\/\/szentannaplebania.dnyem.hu\/index.php?rest_route=\/wp\/v2\/media\/1874","targetHints":{"allow":["GET"]}}],"collection":[{"href":"https:\/\/szentannaplebania.dnyem.hu\/index.php?rest_route=\/wp\/v2\/media"}],"about":[{"href":"https:\/\/szentannaplebania.dnyem.hu\/index.php?rest_route=\/wp\/v2\/types\/attachment"}],"author":[{"embeddable":true,"href":"https:\/\/szentannaplebania.dnyem.hu\/index.php?rest_route=\/wp\/v2\/users\/2"}],"replies":[{"embeddable":true,"href":"https:\/\/szentannaplebania.dnyem.hu\/index.php?rest_route=%2Fwp%2Fv2%2Fcomments&post=1874"}]}}

http://szentannaplebania.dnyem.hu/wp-content/uploads/Requiem-a-magyar-hősökért.jpg

Requiem a magyar hősökért

<p class="attachment"><a href='https://szentannaplebania.dnyem.hu/wp-content/uploads/Requiem-a-magyar-hősökért.jpg'><img loading="lazy" decoding="async" width="211" height="300" src="https://szentannaplebania.dnyem.hu/wp-content/uploads/Requiem-a-magyar-hősökért-211x300.jpg" class="attachment-medium size-medium" alt="" srcset="https://szentannaplebania.dnyem.hu/wp-content/uploads/Requiem-a-magyar-hősökért-211x300.jpg 211w, https://szentannaplebania.dnyem.hu/wp-content/uploads/Requiem-a-magyar-hősökért-768x1090.jpg 768w, https://szentannaplebania.dnyem.hu/wp-content/uploads/Requiem-a-magyar-hősökért-722x1024.jpg 722w, https://szentannaplebania.dnyem.hu/wp-content/uploads/Requiem-a-magyar-hősökért.jpg 1748w" sizes="auto, (max-width: 211px) 100vw, 211px" /></a></p>

Requiem-a-magyar-hősökért.jpg

Requiem-a-magyar-hősökért-150x150.jpg

https://szentannaplebania.dnyem.hu/wp-content/uploads/Requiem-a-magyar-hősökért-150x150.jpg

Requiem-a-magyar-hősökért-211x300.jpg

https://szentannaplebania.dnyem.hu/wp-content/uploads/Requiem-a-magyar-hősökért-211x300.jpg

Requiem-a-magyar-hősökért-768x1090.jpg

https://szentannaplebania.dnyem.hu/wp-content/uploads/Requiem-a-magyar-hősökért-768x1090.jpg

Requiem-a-magyar-hősökért-722x1024.jpg

https://szentannaplebania.dnyem.hu/wp-content/uploads/Requiem-a-magyar-hősökért-722x1024.jpg

Requiem-a-magyar-hősökért-825x510.jpg

https://szentannaplebania.dnyem.hu/wp-content/uploads/Requiem-a-magyar-hősökért-825x510.jpg

https://szentannaplebania.dnyem.hu/wp-content/uploads/Requiem-a-magyar-hősökért.jpg
