{"id":2287,"date":"2022-02-13T16:51:43","date_gmt":"2022-02-13T15:51:43","guid":{"rendered":"http:\/\/szentannaplebania.dnyem.hu\/wp-content\/uploads\/Szilagyi_Peter_orgona_koncert.jpg"},"modified":"2022-02-13T16:55:04","modified_gmt":"2022-02-13T15:55:04","slug":"szilagyi_peter_orgona_koncert","status":"inherit","type":"attachment","link":"https:\/\/szentannaplebania.dnyem.hu\/?attachment_id=2287","title":{"rendered":"Szil\u00e1gyi_P\u00e9ter_orgona_koncert"},"author":4,"featured_media":0,"comment_status":"closed","ping_status":"closed","template":"","meta":[],"class_list":["post-2287","attachment","type-attachment","status-inherit","hentry"],"jetpack_shortlink":"https:\/\/wp.me\/a9doK4-AT","jetpack_sharing_enabled":true,"description":{"rendered":"<p class=\"attachment\"><a href='https:\/\/szentannaplebania.dnyem.hu\/wp-content\/uploads\/Szilagyi_Peter_orgona_koncert.jpg'><img loading=\"lazy\" decoding=\"async\" width=\"212\" height=\"300\" src=\"https:\/\/szentannaplebania.dnyem.hu\/wp-content\/uploads\/Szilagyi_Peter_orgona_koncert-212x300.jpg\" class=\"attachment-medium size-medium\" alt=\"Szil\u00e1gyi P\u00e9ter orgonakoncertje 2022. febru\u00e1r 20. 19:00 Szent Anna Sz\u00e9kesegyh\u00e1z\" srcset=\"https:\/\/szentannaplebania.dnyem.hu\/wp-content\/uploads\/Szilagyi_Peter_orgona_koncert-212x300.jpg 212w, https:\/\/szentannaplebania.dnyem.hu\/wp-content\/uploads\/Szilagyi_Peter_orgona_koncert-724x1024.jpg 724w, https:\/\/szentannaplebania.dnyem.hu\/wp-content\/uploads\/Szilagyi_Peter_orgona_koncert-768x1087.jpg 768w, https:\/\/szentannaplebania.dnyem.hu\/wp-content\/uploads\/Szilagyi_Peter_orgona_koncert-1086x1536.jpg 1086w, https:\/\/szentannaplebania.dnyem.hu\/wp-content\/uploads\/Szilagyi_Peter_orgona_koncert-1447x2048.jpg 1447w, https:\/\/szentannaplebania.dnyem.hu\/wp-content\/uploads\/Szilagyi_Peter_orgona_koncert.jpg 1800w\" sizes=\"auto, (max-width: 212px) 100vw, 212px\" \/><\/a><\/p>\n"},"caption":{"rendered":""},"alt_text":"Szil\u00e1gyi P\u00e9ter orgonakoncertje 2022. febru\u00e1r 20. 19:00 Szent Anna Sz\u00e9kesegyh\u00e1z","media_type":"image","mime_type":"image\/jpeg","media_details":{"width":1800,"height":2547,"file":"Szilagyi_Peter_orgona_koncert.jpg","sizes":{"medium":{"file":"Szilagyi_Peter_orgona_koncert-212x300.jpg","width":212,"height":300,"mime_type":"image\/jpeg","source_url":"https:\/\/szentannaplebania.dnyem.hu\/wp-content\/uploads\/Szilagyi_Peter_orgona_koncert-212x300.jpg"},"large":{"file":"Szilagyi_Peter_orgona_koncert-724x1024.jpg","width":724,"height":1024,"mime_type":"image\/jpeg","source_url":"https:\/\/szentannaplebania.dnyem.hu\/wp-content\/uploads\/Szilagyi_Peter_orgona_koncert-724x1024.jpg"},"thumbnail":{"file":"Szilagyi_Peter_orgona_koncert-150x150.jpg","width":150,"height":150,"mime_type":"image\/jpeg","source_url":"https:\/\/szentannaplebania.dnyem.hu\/wp-content\/uploads\/Szilagyi_Peter_orgona_koncert-150x150.jpg"},"medium_large":{"file":"Szilagyi_Peter_orgona_koncert-768x1087.jpg","width":768,"height":1087,"mime_type":"image\/jpeg","source_url":"https:\/\/szentannaplebania.dnyem.hu\/wp-content\/uploads\/Szilagyi_Peter_orgona_koncert-768x1087.jpg"},"1536x1536":{"file":"Szilagyi_Peter_orgona_koncert-1086x1536.jpg","width":1086,"height":1536,"mime_type":"image\/jpeg","source_url":"https:\/\/szentannaplebania.dnyem.hu\/wp-content\/uploads\/Szilagyi_Peter_orgona_koncert-1086x1536.jpg"},"2048x2048":{"file":"Szilagyi_Peter_orgona_koncert-1447x2048.jpg","width":1447,"height":2048,"mime_type":"image\/jpeg","source_url":"https:\/\/szentannaplebania.dnyem.hu\/wp-content\/uploads\/Szilagyi_Peter_orgona_koncert-1447x2048.jpg"},"post-thumbnail":{"file":"Szilagyi_Peter_orgona_koncert-825x510.jpg","width":825,"height":510,"mime_type":"image\/jpeg","source_url":"https:\/\/szentannaplebania.dnyem.hu\/wp-content\/uploads\/Szilagyi_Peter_orgona_koncert-825x510.jpg"},"full":{"file":"Szilagyi_Peter_orgona_koncert.jpg","width":1800,"height":2547,"mime_type":"image\/jpeg","source_url":"https:\/\/szentannaplebania.dnyem.hu\/wp-content\/uploads\/Szilagyi_Peter_orgona_koncert.jpg"}},"image_meta":{"aperture":"0","credit":"","camera":"","caption":"","created_timestamp":"0","copyright":"","focal_length":"0","iso":"0","shutter_speed":"0","title":"","orientation":"0","keywords":[]}},"post":null,"source_url":"https:\/\/szentannaplebania.dnyem.hu\/wp-content\/uploads\/Szilagyi_Peter_orgona_koncert.jpg","_links":{"self":[{"href":"https:\/\/szentannaplebania.dnyem.hu\/index.php?rest_route=\/wp\/v2\/media\/2287","targetHints":{"allow":["GET"]}}],"collection":[{"href":"https:\/\/szentannaplebania.dnyem.hu\/index.php?rest_route=\/wp\/v2\/media"}],"about":[{"href":"https:\/\/szentannaplebania.dnyem.hu\/index.php?rest_route=\/wp\/v2\/types\/attachment"}],"author":[{"embeddable":true,"href":"https:\/\/szentannaplebania.dnyem.hu\/index.php?rest_route=\/wp\/v2\/users\/4"}],"replies":[{"embeddable":true,"href":"https:\/\/szentannaplebania.dnyem.hu\/index.php?rest_route=%2Fwp%2Fv2%2Fcomments&post=2287"}]}}

Szilágyi_Péter_orgona_koncert

<p class="attachment"><a href='https://szentannaplebania.dnyem.hu/wp-content/uploads/Szilagyi_Peter_orgona_koncert.jpg'><img loading="lazy" decoding="async" width="212" height="300" src="https://szentannaplebania.dnyem.hu/wp-content/uploads/Szilagyi_Peter_orgona_koncert-212x300.jpg" class="attachment-medium size-medium" alt="Szilágyi Péter orgonakoncertje 2022. február 20. 19:00 Szent Anna Székesegyház" srcset="https://szentannaplebania.dnyem.hu/wp-content/uploads/Szilagyi_Peter_orgona_koncert-212x300.jpg 212w, https://szentannaplebania.dnyem.hu/wp-content/uploads/Szilagyi_Peter_orgona_koncert-724x1024.jpg 724w, https://szentannaplebania.dnyem.hu/wp-content/uploads/Szilagyi_Peter_orgona_koncert-768x1087.jpg 768w, https://szentannaplebania.dnyem.hu/wp-content/uploads/Szilagyi_Peter_orgona_koncert-1086x1536.jpg 1086w, https://szentannaplebania.dnyem.hu/wp-content/uploads/Szilagyi_Peter_orgona_koncert-1447x2048.jpg 1447w, https://szentannaplebania.dnyem.hu/wp-content/uploads/Szilagyi_Peter_orgona_koncert.jpg 1800w" sizes="auto, (max-width: 212px) 100vw, 212px" /></a></p>

Szilágyi Péter orgonakoncertje 2022. február 20. 19:00 Szent Anna Székesegyház
