{"id":2290,"date":"2022-02-15T10:54:18","date_gmt":"2022-02-15T09:54:18","guid":{"rendered":"http:\/\/szentannaplebania.dnyem.hu\/wp-content\/uploads\/farsangi-plakat-2022.jpg"},"modified":"2022-02-15T10:54:40","modified_gmt":"2022-02-15T09:54:40","slug":"farsangi-plakat-2022","status":"inherit","type":"attachment","link":"https:\/\/szentannaplebania.dnyem.hu\/?attachment_id=2290","title":{"rendered":"farsangi plak\u00e1t 2022"},"author":4,"featured_media":0,"comment_status":"closed","ping_status":"closed","template":"","meta":[],"class_list":["post-2290","attachment","type-attachment","status-inherit","hentry"],"jetpack_shortlink":"https:\/\/wp.me\/a9doK4-AW","jetpack_sharing_enabled":true,"description":{"rendered":"<p class=\"attachment\"><a href='https:\/\/szentannaplebania.dnyem.hu\/wp-content\/uploads\/farsangi-plakat-2022.jpg'><img loading=\"lazy\" decoding=\"async\" width=\"220\" height=\"300\" src=\"https:\/\/szentannaplebania.dnyem.hu\/wp-content\/uploads\/farsangi-plakat-2022-220x300.jpg\" class=\"attachment-medium size-medium\" alt=\"Gyerekfarsang a pl\u00e9b\u00e1ni\u00e1n\" srcset=\"https:\/\/szentannaplebania.dnyem.hu\/wp-content\/uploads\/farsangi-plakat-2022-220x300.jpg 220w, https:\/\/szentannaplebania.dnyem.hu\/wp-content\/uploads\/farsangi-plakat-2022.jpg 540w\" sizes=\"auto, (max-width: 220px) 100vw, 220px\" \/><\/a><\/p>\n"},"caption":{"rendered":""},"alt_text":"Gyerekfarsang a pl\u00e9b\u00e1ni\u00e1n","media_type":"image","mime_type":"image\/jpeg","media_details":{"width":540,"height":738,"file":"farsangi-plakat-2022.jpg","sizes":{"medium":{"file":"farsangi-plakat-2022-220x300.jpg","width":220,"height":300,"mime_type":"image\/jpeg","source_url":"https:\/\/szentannaplebania.dnyem.hu\/wp-content\/uploads\/farsangi-plakat-2022-220x300.jpg"},"thumbnail":{"file":"farsangi-plakat-2022-150x150.jpg","width":150,"height":150,"mime_type":"image\/jpeg","source_url":"https:\/\/szentannaplebania.dnyem.hu\/wp-content\/uploads\/farsangi-plakat-2022-150x150.jpg"},"post-thumbnail":{"file":"farsangi-plakat-2022-540x510.jpg","width":540,"height":510,"mime_type":"image\/jpeg","source_url":"https:\/\/szentannaplebania.dnyem.hu\/wp-content\/uploads\/farsangi-plakat-2022-540x510.jpg"},"full":{"file":"farsangi-plakat-2022.jpg","width":540,"height":738,"mime_type":"image\/jpeg","source_url":"https:\/\/szentannaplebania.dnyem.hu\/wp-content\/uploads\/farsangi-plakat-2022.jpg"}},"image_meta":{"aperture":"0","credit":"","camera":"","caption":"","created_timestamp":"0","copyright":"","focal_length":"0","iso":"0","shutter_speed":"0","title":"","orientation":"0","keywords":[]}},"post":null,"source_url":"https:\/\/szentannaplebania.dnyem.hu\/wp-content\/uploads\/farsangi-plakat-2022.jpg","_links":{"self":[{"href":"https:\/\/szentannaplebania.dnyem.hu\/index.php?rest_route=\/wp\/v2\/media\/2290","targetHints":{"allow":["GET"]}}],"collection":[{"href":"https:\/\/szentannaplebania.dnyem.hu\/index.php?rest_route=\/wp\/v2\/media"}],"about":[{"href":"https:\/\/szentannaplebania.dnyem.hu\/index.php?rest_route=\/wp\/v2\/types\/attachment"}],"author":[{"embeddable":true,"href":"https:\/\/szentannaplebania.dnyem.hu\/index.php?rest_route=\/wp\/v2\/users\/4"}],"replies":[{"embeddable":true,"href":"https:\/\/szentannaplebania.dnyem.hu\/index.php?rest_route=%2Fwp%2Fv2%2Fcomments&post=2290"}]}}

farsangi plakát 2022

<p class="attachment"><a href='https://szentannaplebania.dnyem.hu/wp-content/uploads/farsangi-plakat-2022.jpg'><img loading="lazy" decoding="async" width="220" height="300" src="https://szentannaplebania.dnyem.hu/wp-content/uploads/farsangi-plakat-2022-220x300.jpg" class="attachment-medium size-medium" alt="Gyerekfarsang a plébánián" srcset="https://szentannaplebania.dnyem.hu/wp-content/uploads/farsangi-plakat-2022-220x300.jpg 220w, https://szentannaplebania.dnyem.hu/wp-content/uploads/farsangi-plakat-2022.jpg 540w" sizes="auto, (max-width: 220px) 100vw, 220px" /></a></p>

Gyerekfarsang a plébánián
