{"id":108,"date":"2014-10-30T04:56:56","date_gmt":"2014-10-30T02:56:56","guid":{"rendered":"http:\/\/szentannaplebania.dnyem.hu\/?page_id=108"},"modified":"2018-12-11T15:19:37","modified_gmt":"2018-12-11T13:19:37","slug":"alapitvanyaink","status":"publish","type":"page","link":"https:\/\/szentannaplebania.dnyem.hu\/?page_id=108","title":{"rendered":"Alap\u00edtv\u00e1nyaink"},"content":{"rendered":"<ol>\n<li><strong> A pl\u00e9b\u00e1nia hit\u00e9leti tev\u00e9kenys\u00e9g\u00e9nek t\u00e1mogat\u00e1s\u00e1ra:<br \/>\n<\/strong>Szent Anna R\u00f3mai Katolikus Pl\u00e9b\u00e1ni\u00e1\u00e9rt Alap\u00edtv\u00e1ny<br \/>\nAd\u00f3sz\u00e1m: 18621972-1-09<br \/>\nBanksz\u00e1mlasz\u00e1m: 10702064-70815241-51100005<\/li>\n<\/ol>\n<p><strong>\u00a0<\/strong><\/p>\n<ol start=\"2\">\n<li><strong> Gyimesfels\u0151loki iskola t\u00e1mogat\u00e1s\u00e1ra:<br \/>\n<\/strong>Szikl\u00e1ra \u00c9p\u00edtett H\u00e1z \u2013 cs\u00e1ng\u00f3-magyar lelki k\u00f6z\u00f6ss\u00e9g \u2013 Alap\u00edtv\u00e1ny (k\u00f6zhaszn\u00fa)<br \/>\nAd\u00f3sz\u00e1m: 19128850-1-09<\/li>\n<\/ol>\n<p><strong>\u00a0<\/strong><\/p>\n<ol start=\"3\">\n<li><strong> Szent L\u00e1szl\u00f3 K\u00f3rus t\u00e1mogat\u00e1s\u00e1ra:<br \/>\n<\/strong>Jubilate Alap\u00edtv\u00e1ny<br \/>\nAd\u00f3sz\u00e1m: 18552519-1-09<\/li>\n<\/ol>\n<p><strong>\u00a0<\/strong><\/p>\n<ol start=\"4\">\n<li><strong> A debreceni Szent Erzs\u00e9bet Otthon t\u00e1mogat\u00e1s\u00e1ra:<br \/>\n<\/strong>Szent Erzs\u00e9bet Alap\u00edtv\u00e1ny (kiemelten k\u00f6zhaszn\u00fa)<br \/>\nAd\u00f3sz\u00e1m: 18545348-1-09<\/li>\n<\/ol>\n<p><strong>\u00a0<\/strong><\/p>\n<ol start=\"5\">\n<li><strong> \u00d6szt\u00f6nd\u00edjak, t\u00e1mogat\u00e1sok a gimn\u00e1zium di\u00e1kjai r\u00e9sz\u00e9re:<br \/>\n<\/strong>R\u00e1tky Alap\u00edtv\u00e1ny a Debreceni Szent J\u00f3zsef Gimn\u00e1zium\u00e9rt (k\u00f6zhaszn\u00fa)<br \/>\nAd\u00f3sz\u00e1m: 18558182-1-09<\/li>\n<\/ol>\n<p><strong>\u00a0<\/strong><\/p>\n<ol start=\"6\">\n<li><strong> A Debrecen-Ny\u00edregyh\u00e1zi Egyh\u00e1zmegye Karit\u00e1sz t\u00e1mogat\u00e1s\u00e1ra:<br \/>\n<\/strong>Kelet Karit\u00e1sz Alap\u00edtv\u00e1ny<br \/>\nAd\u00f3sz\u00e1m: 18792179-1-09<\/li>\n<\/ol>\n<p><strong>\u00a0<\/strong><\/p>\n<ol start=\"7\">\n<li><strong> Magyar Katolikus Egyh\u00e1z<br \/>\n<\/strong>technikai k\u00f3d: 0011<\/li>\n<\/ol>\n","protected":false},"excerpt":{"rendered":"<p>A pl\u00e9b\u00e1nia hit\u00e9leti tev\u00e9kenys\u00e9g\u00e9nek t\u00e1mogat\u00e1s\u00e1ra: Szent Anna R\u00f3mai Katolikus Pl\u00e9b\u00e1ni\u00e1\u00e9rt Alap\u00edtv\u00e1ny Ad\u00f3sz\u00e1m: 18621972-1-09 Banksz\u00e1mlasz\u00e1m: 10702064-70815241-51100005 \u00a0 Gyimesfels\u0151loki iskola t\u00e1mogat\u00e1s\u00e1ra: Szikl\u00e1ra \u00c9p\u00edtett H\u00e1z \u2013 cs\u00e1ng\u00f3-magyar lelki k\u00f6z\u00f6ss\u00e9g \u2013 Alap\u00edtv\u00e1ny (k\u00f6zhaszn\u00fa) Ad\u00f3sz\u00e1m: 19128850-1-09 \u00a0 Szent L\u00e1szl\u00f3 K\u00f3rus t\u00e1mogat\u00e1s\u00e1ra: Jubilate Alap\u00edtv\u00e1ny Ad\u00f3sz\u00e1m: 18552519-1-09 \u00a0 A debreceni Szent Erzs\u00e9bet Otthon t\u00e1mogat\u00e1s\u00e1ra: Szent Erzs\u00e9bet Alap\u00edtv\u00e1ny (kiemelten k\u00f6zhaszn\u00fa) Ad\u00f3sz\u00e1m: 18545348-1-09 \u00a0 &hellip; <a href=\"https:\/\/szentannaplebania.dnyem.hu\/?page_id=108\" class=\"more-link\"><span class=\"screen-reader-text\">Alap\u00edtv\u00e1nyaink<\/span> r\u00e9szletei&#8230;<\/a><\/p>\n","protected":false},"author":2,"featured_media":0,"parent":0,"menu_order":3,"comment_status":"closed","ping_status":"closed","template":"","meta":{"footnotes":""},"class_list":["post-108","page","type-page","status-publish","hentry"],"jetpack_shortlink":"https:\/\/wp.me\/P9doK4-1K","jetpack_sharing_enabled":true,"_links":{"self":[{"href":"https:\/\/szentannaplebania.dnyem.hu\/index.php?rest_route=\/wp\/v2\/pages\/108","targetHints":{"allow":["GET"]}}],"collection":[{"href":"https:\/\/szentannaplebania.dnyem.hu\/index.php?rest_route=\/wp\/v2\/pages"}],"about":[{"href":"https:\/\/szentannaplebania.dnyem.hu\/index.php?rest_route=\/wp\/v2\/types\/page"}],"author":[{"embeddable":true,"href":"https:\/\/szentannaplebania.dnyem.hu\/index.php?rest_route=\/wp\/v2\/users\/2"}],"replies":[{"embeddable":true,"href":"https:\/\/szentannaplebania.dnyem.hu\/index.php?rest_route=%2Fwp%2Fv2%2Fcomments&post=108"}],"version-history":[{"count":2,"href":"https:\/\/szentannaplebania.dnyem.hu\/index.php?rest_route=\/wp\/v2\/pages\/108\/revisions"}],"predecessor-version":[{"id":1890,"href":"https:\/\/szentannaplebania.dnyem.hu\/index.php?rest_route=\/wp\/v2\/pages\/108\/revisions\/1890"}],"wp:attachment":[{"href":"https:\/\/szentannaplebania.dnyem.hu\/index.php?rest_route=%2Fwp%2Fv2%2Fmedia&parent=108"}],"curies":[{"name":"wp","href":"https:\/\/api.w.org\/{rel}","templated":true}]}}

Alapítványaink

<ol>
<li><strong> A plébánia hitéleti tevékenységének támogatására:<br />
</strong>Szent Anna Római Katolikus Plébániáért Alapítvány<br />
Adószám: 18621972-1-09<br />
Bankszámlaszám: 10702064-70815241-51100005</li>
</ol>
<p><strong> </strong></p>
<ol start="2">
<li><strong> Gyimesfelsőloki iskola támogatására:<br />
</strong>Sziklára Épített Ház – csángó-magyar lelki közösség – Alapítvány (közhasznú)<br />
Adószám: 19128850-1-09</li>
</ol>
<p><strong> </strong></p>
<ol start="3">
<li><strong> Szent László Kórus támogatására:<br />
</strong>Jubilate Alapítvány<br />
Adószám: 18552519-1-09</li>
</ol>
<p><strong> </strong></p>
<ol start="4">
<li><strong> A debreceni Szent Erzsébet Otthon támogatására:<br />
</strong>Szent Erzsébet Alapítvány (kiemelten közhasznú)<br />
Adószám: 18545348-1-09</li>
</ol>
<p><strong> </strong></p>
<ol start="5">
<li><strong> Ösztöndíjak, támogatások a gimnázium diákjai részére:<br />
</strong>Rátky Alapítvány a Debreceni Szent József Gimnáziumért (közhasznú)<br />
Adószám: 18558182-1-09</li>
</ol>
<p><strong> </strong></p>
<ol start="6">
<li><strong> A Debrecen-Nyíregyházi Egyházmegye Karitász támogatására:<br />
</strong>Kelet Karitász Alapítvány<br />
Adószám: 18792179-1-09</li>
</ol>
<p><strong> </strong></p>
<ol start="7">
<li><strong> Magyar Katolikus Egyház<br />
</strong>technikai kód: 0011</li>
</ol>

<p>A plébánia hitéleti tevékenységének támogatására: Szent Anna Római Katolikus Plébániáért Alapítvány Adószám: 18621972-1-09 Bankszámlaszám: 10702064-70815241-51100005   Gyimesfelsőloki iskola támogatására: Sziklára Épített Ház – csángó-magyar lelki közösség – Alapítvány (közhasznú) Adószám: 19128850-1-09   Szent László Kórus támogatására: Jubilate Alapítvány Adószám: 18552519-1-09   A debreceni Szent Erzsébet Otthon támogatására: Szent Erzsébet Alapítvány (kiemelten közhasznú) Adószám: 18545348-1-09   &hellip; <a href="https://szentannaplebania.dnyem.hu/?page_id=108" class="more-link"><span class="screen-reader-text">Alapítványaink</span> részletei&#8230;</a></p>
