{"id":1623,"date":"2017-10-11T11:59:08","date_gmt":"2017-10-11T09:59:08","guid":{"rendered":"http:\/\/szentannaplebania.dnyem.hu\/?page_id=1623"},"modified":"2024-10-28T08:13:27","modified_gmt":"2024-10-28T07:13:27","slug":"kozossegek-es-programjaik","status":"publish","type":"page","link":"https:\/\/szentannaplebania.dnyem.hu\/?page_id=1623","title":{"rendered":"K\u00f6z\u00f6ss\u00e9gek \u00e9s programjaik"},"content":{"rendered":"<p><a href=\"http:\/\/szentannaplebania.dnyem.hu\/wp-content\/uploads\/Foglalkozasok-2024-25-ben.jpg\"><img loading=\"lazy\" decoding=\"async\" class=\"aligncenter wp-image-2496 size-large\" src=\"http:\/\/szentannaplebania.dnyem.hu\/wp-content\/uploads\/Foglalkozasok-2024-25-ben-724x1024.jpg\" alt=\"\" width=\"660\" height=\"933\" srcset=\"https:\/\/szentannaplebania.dnyem.hu\/wp-content\/uploads\/Foglalkozasok-2024-25-ben-724x1024.jpg 724w, https:\/\/szentannaplebania.dnyem.hu\/wp-content\/uploads\/Foglalkozasok-2024-25-ben-212x300.jpg 212w, https:\/\/szentannaplebania.dnyem.hu\/wp-content\/uploads\/Foglalkozasok-2024-25-ben-768x1086.jpg 768w, https:\/\/szentannaplebania.dnyem.hu\/wp-content\/uploads\/Foglalkozasok-2024-25-ben-1086x1536.jpg 1086w, https:\/\/szentannaplebania.dnyem.hu\/wp-content\/uploads\/Foglalkozasok-2024-25-ben-1448x2048.jpg 1448w, https:\/\/szentannaplebania.dnyem.hu\/wp-content\/uploads\/Foglalkozasok-2024-25-ben.jpg 1654w\" sizes=\"auto, (max-width: 660px) 100vw, 660px\" \/><\/a><\/p>\n","protected":false},"excerpt":{"rendered":"","protected":false},"author":2,"featured_media":0,"parent":0,"menu_order":0,"comment_status":"closed","ping_status":"closed","template":"","meta":{"footnotes":""},"class_list":["post-1623","page","type-page","status-publish","hentry"],"jetpack_shortlink":"https:\/\/wp.me\/P9doK4-qb","jetpack_sharing_enabled":true,"_links":{"self":[{"href":"https:\/\/szentannaplebania.dnyem.hu\/index.php?rest_route=\/wp\/v2\/pages\/1623","targetHints":{"allow":["GET"]}}],"collection":[{"href":"https:\/\/szentannaplebania.dnyem.hu\/index.php?rest_route=\/wp\/v2\/pages"}],"about":[{"href":"https:\/\/szentannaplebania.dnyem.hu\/index.php?rest_route=\/wp\/v2\/types\/page"}],"author":[{"embeddable":true,"href":"https:\/\/szentannaplebania.dnyem.hu\/index.php?rest_route=\/wp\/v2\/users\/2"}],"replies":[{"embeddable":true,"href":"https:\/\/szentannaplebania.dnyem.hu\/index.php?rest_route=%2Fwp%2Fv2%2Fcomments&post=1623"}],"version-history":[{"count":2,"href":"https:\/\/szentannaplebania.dnyem.hu\/index.php?rest_route=\/wp\/v2\/pages\/1623\/revisions"}],"predecessor-version":[{"id":2497,"href":"https:\/\/szentannaplebania.dnyem.hu\/index.php?rest_route=\/wp\/v2\/pages\/1623\/revisions\/2497"}],"wp:attachment":[{"href":"https:\/\/szentannaplebania.dnyem.hu\/index.php?rest_route=%2Fwp%2Fv2%2Fmedia&parent=1623"}],"curies":[{"name":"wp","href":"https:\/\/api.w.org\/{rel}","templated":true}]}}