{"id":1649,"date":"2017-11-21T10:36:48","date_gmt":"2017-11-21T08:36:48","guid":{"rendered":"http:\/\/szentannaplebania.dnyem.hu\/?page_id=1649"},"modified":"2023-06-27T14:55:16","modified_gmt":"2023-06-27T12:55:16","slug":"szentmiserend","status":"publish","type":"page","link":"https:\/\/szentannaplebania.dnyem.hu\/?page_id=1649","title":{"rendered":"Szentmiserend"},"content":{"rendered":"<p><strong>H\u00e9tf\u0151, Kedd, Cs\u00fct\u00f6rt\u00f6k, Szombat:<\/strong> 7:00 \u00e9s 18:00<\/p>\n<p><strong>Szerda: <\/strong>7:00, 8:00 \u00e9s 18:00<\/p>\n<p><strong>P\u00e9ntek:<\/strong> 7:00 \u00e9s 18:00<\/p>\n<p><strong>Vas\u00e1rnap:<\/strong> 7:00, 8:30, 10:00, 11:30, 18:00<\/p>\n<h3><strong>EGY\u00c9B LITURGIKUS ALKALMAK \u00e9s \u00c1H\u00cdTATOK<\/strong><\/h3>\n<ul>\n<li>ESTI DICS\u00c9RET (vesper\u00e1s): minden 3. vas\u00e1rnap: 17:30<\/li>\n<\/ul>\n<p><strong>SZENTS\u00c9GIM\u00c1D\u00c1S:<\/strong><\/p>\n<ul>\n<li>minden 1. cs\u00fct\u00f6rt\u00f6k\u00f6n 7:30-17:45 (csendes egy\u00e9ni im\u00e1kkal)<\/li>\n<li>minden 1. vas\u00e1rnap 12:30-18:00 (csendes \u00e9s hangos egy\u00e9ni \u00e9s k\u00f6z\u00f6ss\u00e9gi im\u00e1kkal)<\/li>\n<\/ul>\n<p><strong>R\u00d3ZSAF\u00dcZ\u00c9R-IM\u00c1DKOZ\u00c1S:<\/strong><\/p>\n<ul>\n<li>h\u00e9tf\u0151t\u0151l szombatig 7.30-8.00<\/li>\n<li>okt\u00f3berben: minden nap 17:30<\/li>\n<\/ul>\n<p><strong>LIT\u00c1NI\u00c1K:<\/strong><\/p>\n<ul>\n<li>J\u00e9zus Sz\u00edve lit\u00e1nia minden 1. p\u00e9nteken 17:30<\/li>\n<li>Lor\u00e9t\u00f3i lit\u00e1nia minden 1. szombaton 17:30 \u00e9s m\u00e1jusban minden nap 17:30<\/li>\n<\/ul>\n<p><strong>KERESZT\u00daT:<\/strong><\/p>\n<ul>\n<li>nagyb\u00f6jtben p\u00e9nteken 17:15<\/li>\n<\/ul>\n<p>&nbsp;<\/p>\n<p>&nbsp;<\/p>\n<p><strong>Weekday Mass:<\/strong>\u00a07:00 and 18:00<\/p>\n<p><strong>Sunday Mass:\u00a0<\/strong>7:00, 8:30, 10:00, 11:30, 18:00<\/p>\n<p>&nbsp;<\/p>\n<p><strong>Dni powszednie:\u00a0<\/strong>7:00 i 18:00<\/p>\n<p><strong>Porz\u0105dek Niedzielny:\u00a0<\/strong>7:00, 8:30, 10:00, 11:30, 18:00<\/p>\n<p>&nbsp;<\/p>\n<p><strong>D\u00edas de la semana:<\/strong>\u00a07:00 y 18:00<\/p>\n<p><strong>Domingos y festivos:\u00a0<\/strong>7:00, 8:30, 10:00, 11:30, 18:00<\/p>\n<p>&nbsp;<\/p>\n<p><strong>Wochentage:\u00a0<\/strong>7:00 und 18:00<\/p>\n<p><strong>Sonn- und Feiertage:\u00a0<\/strong>7:00, 8:30, 10:00, 11:30, 18:00<\/p>\n<p>&nbsp;<\/p>\n<p>&nbsp;<\/p>\n<p>&nbsp;<\/p>\n","protected":false},"excerpt":{"rendered":"<p>H\u00e9tf\u0151, Kedd, Cs\u00fct\u00f6rt\u00f6k, Szombat: 7:00 \u00e9s 18:00 Szerda: 7:00, 8:00 \u00e9s 18:00 P\u00e9ntek: 7:00 \u00e9s 18:00 Vas\u00e1rnap: 7:00, 8:30, 10:00, 11:30, 18:00 EGY\u00c9B LITURGIKUS ALKALMAK \u00e9s \u00c1H\u00cdTATOK ESTI DICS\u00c9RET (vesper\u00e1s): minden 3. vas\u00e1rnap: 17:30 SZENTS\u00c9GIM\u00c1D\u00c1S: minden 1. cs\u00fct\u00f6rt\u00f6k\u00f6n 7:30-17:45 (csendes egy\u00e9ni im\u00e1kkal) minden 1. vas\u00e1rnap 12:30-18:00 (csendes \u00e9s hangos egy\u00e9ni \u00e9s k\u00f6z\u00f6ss\u00e9gi im\u00e1kkal) R\u00d3ZSAF\u00dcZ\u00c9R-IM\u00c1DKOZ\u00c1S: h\u00e9tf\u0151t\u0151l &hellip; <a href=\"https:\/\/szentannaplebania.dnyem.hu\/?page_id=1649\" class=\"more-link\"><span class=\"screen-reader-text\">Szentmiserend<\/span> r\u00e9szletei&#8230;<\/a><\/p>\n","protected":false},"author":2,"featured_media":0,"parent":0,"menu_order":0,"comment_status":"closed","ping_status":"closed","template":"","meta":{"footnotes":""},"class_list":["post-1649","page","type-page","status-publish","hentry"],"jetpack_shortlink":"https:\/\/wp.me\/P9doK4-qB","jetpack_sharing_enabled":true,"_links":{"self":[{"href":"https:\/\/szentannaplebania.dnyem.hu\/index.php?rest_route=\/wp\/v2\/pages\/1649","targetHints":{"allow":["GET"]}}],"collection":[{"href":"https:\/\/szentannaplebania.dnyem.hu\/index.php?rest_route=\/wp\/v2\/pages"}],"about":[{"href":"https:\/\/szentannaplebania.dnyem.hu\/index.php?rest_route=\/wp\/v2\/types\/page"}],"author":[{"embeddable":true,"href":"https:\/\/szentannaplebania.dnyem.hu\/index.php?rest_route=\/wp\/v2\/users\/2"}],"replies":[{"embeddable":true,"href":"https:\/\/szentannaplebania.dnyem.hu\/index.php?rest_route=%2Fwp%2Fv2%2Fcomments&post=1649"}],"version-history":[{"count":2,"href":"https:\/\/szentannaplebania.dnyem.hu\/index.php?rest_route=\/wp\/v2\/pages\/1649\/revisions"}],"predecessor-version":[{"id":2406,"href":"https:\/\/szentannaplebania.dnyem.hu\/index.php?rest_route=\/wp\/v2\/pages\/1649\/revisions\/2406"}],"wp:attachment":[{"href":"https:\/\/szentannaplebania.dnyem.hu\/index.php?rest_route=%2Fwp%2Fv2%2Fmedia&parent=1649"}],"curies":[{"name":"wp","href":"https:\/\/api.w.org\/{rel}","templated":true}]}}

<p><strong>Hétfő, Kedd, Csütörtök, Szombat:</strong> 7:00 és 18:00</p>
<p><strong>Szerda: </strong>7:00, 8:00 és 18:00</p>
<p><strong>Péntek:</strong> 7:00 és 18:00</p>
<p><strong>Vasárnap:</strong> 7:00, 8:30, 10:00, 11:30, 18:00</p>
<h3><strong>EGYÉB LITURGIKUS ALKALMAK és ÁHÍTATOK</strong></h3>
<ul>
<li>ESTI DICSÉRET (vesperás): minden 3. vasárnap: 17:30</li>
</ul>
<p><strong>SZENTSÉGIMÁDÁS:</strong></p>
<ul>
<li>minden 1. csütörtökön 7:30-17:45 (csendes egyéni imákkal)</li>
<li>minden 1. vasárnap 12:30-18:00 (csendes és hangos egyéni és közösségi imákkal)</li>
</ul>
<p><strong>RÓZSAFÜZÉR-IMÁDKOZÁS:</strong></p>
<ul>
<li>hétfőtől szombatig 7.30-8.00</li>
<li>októberben: minden nap 17:30</li>
</ul>
<p><strong>LITÁNIÁK:</strong></p>
<ul>
<li>Jézus Szíve litánia minden 1. pénteken 17:30</li>
<li>Lorétói litánia minden 1. szombaton 17:30 és májusban minden nap 17:30</li>
</ul>
<p><strong>KERESZTÚT:</strong></p>
<ul>
<li>nagyböjtben pénteken 17:15</li>
</ul>
<p>&nbsp;</p>
<p>&nbsp;</p>
<p><strong>Weekday Mass:</strong> 7:00 and 18:00</p>
<p><strong>Sunday Mass: </strong>7:00, 8:30, 10:00, 11:30, 18:00</p>
<p>&nbsp;</p>
<p><strong>Dni powszednie: </strong>7:00 i 18:00</p>
<p><strong>Porządek Niedzielny: </strong>7:00, 8:30, 10:00, 11:30, 18:00</p>
<p>&nbsp;</p>
<p><strong>Días de la semana:</strong> 7:00 y 18:00</p>
<p><strong>Domingos y festivos: </strong>7:00, 8:30, 10:00, 11:30, 18:00</p>
<p>&nbsp;</p>
<p><strong>Wochentage: </strong>7:00 und 18:00</p>
<p><strong>Sonn- und Feiertage: </strong>7:00, 8:30, 10:00, 11:30, 18:00</p>
<p>&nbsp;</p>
<p>&nbsp;</p>
<p>&nbsp;</p>

<p>Hétfő, Kedd, Csütörtök, Szombat: 7:00 és 18:00 Szerda: 7:00, 8:00 és 18:00 Péntek: 7:00 és 18:00 Vasárnap: 7:00, 8:30, 10:00, 11:30, 18:00 EGYÉB LITURGIKUS ALKALMAK és ÁHÍTATOK ESTI DICSÉRET (vesperás): minden 3. vasárnap: 17:30 SZENTSÉGIMÁDÁS: minden 1. csütörtökön 7:30-17:45 (csendes egyéni imákkal) minden 1. vasárnap 12:30-18:00 (csendes és hangos egyéni és közösségi imákkal) RÓZSAFÜZÉR-IMÁDKOZÁS: hétfőtől &hellip; <a href="https://szentannaplebania.dnyem.hu/?page_id=1649" class="more-link"><span class="screen-reader-text">Szentmiserend</span> részletei&#8230;</a></p>
