{"id":4,"date":"2014-10-30T02:26:51","date_gmt":"2014-10-30T00:26:51","guid":{"rendered":"http:\/\/szentannaplebania.dnyem.hu\/?page_id=4"},"modified":"2024-10-28T08:11:29","modified_gmt":"2024-10-28T07:11:29","slug":"kezdolap","status":"publish","type":"page","link":"https:\/\/szentannaplebania.dnyem.hu\/","title":{"rendered":"Kezd\u0151lap"},"content":{"rendered":"<address><img loading=\"lazy\" decoding=\"async\" class=\"aligncenter size-large wp-image-1324\" style=\"font-style: italic;\" src=\"http:\/\/szentannaplebania.dnyem.hu\/wp-content\/uploads\/pan02-1024x173.jpg\" alt=\"\" width=\"660\" height=\"112\" srcset=\"https:\/\/szentannaplebania.dnyem.hu\/wp-content\/uploads\/pan02-1024x173.jpg 1024w, https:\/\/szentannaplebania.dnyem.hu\/wp-content\/uploads\/pan02-300x51.jpg 300w, https:\/\/szentannaplebania.dnyem.hu\/wp-content\/uploads\/pan02-768x130.jpg 768w, https:\/\/szentannaplebania.dnyem.hu\/wp-content\/uploads\/pan02.jpg 1315w\" sizes=\"auto, (max-width: 660px) 100vw, 660px\" \/><\/address>\n<address style=\"text-align: center;\"><strong><strong>K\u00f6sz\u00f6ntj\u00fck a debreceni r\u00f3mai katolikus Szent Anna F\u0151pl\u00e9b\u00e1nia honlapj\u00e1n!<\/strong><\/strong><\/address>\n<address>\n<p align=\"justify\">A pl\u00e9b\u00e1nos,\u00a0dr. Krakomperger Zolt\u00e1n\u00a0\u00e9s\u00a0a kiseg\u00edt\u0151 aty\u00e1k,\u00a0<b>Pietro Trevisan \u00e9s Rojas Suero Rodorick<\/b>\u00a0szeretettel k\u00f6sz\u00f6ntik a Szent Anna F\u0151pl\u00e9b\u00e1nia honlapj\u00e1nak\u00a0l\u00e1togat\u00f3it.<\/p>\n<p><a href=\"https:\/\/app.minup.io\/book\/szent-anna\"><img loading=\"lazy\" decoding=\"async\" class=\"aligncenter size-large wp-image-2372\" src=\"http:\/\/szentannaplebania.dnyem.hu\/wp-content\/uploads\/idopontfoglalo-3-300x75.png\" alt=\"\" width=\"300\" height=\"75\" srcset=\"https:\/\/szentannaplebania.dnyem.hu\/wp-content\/uploads\/idopontfoglalo-3-300x75.png 300w, https:\/\/szentannaplebania.dnyem.hu\/wp-content\/uploads\/idopontfoglalo-3.png 567w\" sizes=\"auto, (max-width: 300px) 100vw, 300px\" \/><\/a><\/p>\n<p><strong>F\u0151pl\u00e9b\u00e1nia el\u00e9rhet\u0151s\u00e9gei:<\/strong><\/p>\n<ul>\n<li><strong>levelez\u00e9si c\u00edm:<\/strong> 4024 \u2013 Debrecen, Szent Anna u. 21. tel.\/fax: (52) 536-652<\/li>\n<li><strong>e-mail:\u00a0<\/strong>szentannapl@gmail.com<\/li>\n<li><strong>weboldal:<\/strong> szentannaplebania.dnyem.hu<\/li>\n<li><strong>banksz\u00e1mlasz\u00e1munk:<\/strong> 10702064\u201370424368\u201351100005<\/li>\n<\/ul>\n<p>&nbsp;<\/p>\n<ul>\n<li><strong>pl\u00e9b\u00e1nos:<\/strong> Dr. Krakomperger Zolt\u00e1n, tel. 30\/619-6861<\/li>\n<li><strong>kiseg\u00edt\u0151 lelk\u00e9szek:<\/strong> Pietro Trevisan, tel. 30\/147-7480; Rojas Suero Rodorick, tel. (52) 536-652<\/li>\n<li><strong>k\u00e1ntor:<\/strong> Dobos Mih\u00e1ly, tel. 30\/869-1825<\/li>\n<\/ul>\n<p>&nbsp;<\/p>\n<ul>\n<li><strong>\u00dcGYINT\u00c9Z\u00c9S a pl\u00e9b\u00e1ni\u00e1n szem\u00e9lyesen\u00a0<\/strong><br \/>\nh\u00e9tf\u0151 \u2013 p\u00e9ntek 09.00 \u2014 12.30; 13.15 \u2014 17.00\u00f3<\/li>\n<li><strong>KERESZTEL\u00c9S<\/strong> minden h\u00f3nap 2. \u00e9s 4. vas\u00e1rnap 11.00-kor.<\/li>\n<li><strong>GY\u00d3NTAT\u00c1S<\/strong> minden szentmise el\u0151tt \u00bd \u00f3r\u00e1val vagy egyeztetett id\u0151pontban.<\/li>\n<li><strong>LELKI BESZ\u00c9LGET\u00c9S<\/strong> egyeztetett id\u0151pontban.<\/li>\n<li><strong>BETEGL\u00c1TOGAT\u00c1S<\/strong> otthon vagy k\u00f3rh\u00e1zban k\u00e9r\u00e9sre b\u00e1rmikor<\/li>\n<\/ul>\n<p>&nbsp;<\/p>\n<p style=\"text-align: center;\"><strong>St. Anne\u2019s Cathedral of Debrecen<\/strong><\/p>\n<p style=\"text-align: center;\"><strong>welcomes all visitors to our church<\/strong>.<\/p>\n<p>&nbsp;<\/p>\n<p style=\"text-align: justify;\">St Anne\u2019s Church is the Cathedral of the Debrecen-Ny\u00edregyh\u00e1za Roman Catholic Diocese. It is a place for silence, masses, music and lighting candles.<\/p>\n<p style=\"text-align: justify;\">The Cathedral rests on three main pillars: church services, art and diaconate. We firmly believe that these pillars support and enrich the individual and make the Cathedral a spiritual home to all people.<\/p>\n<p style=\"text-align: justify;\">We focus our attention on the Lord&#8217;s receptiveness to life in all its forms. We believe in the connection between the Holy and the ordinary, the Holy and glorious God and human pain, loneliness and distress. We believe that the light of our Lord shines through our cracks.<\/p>\n<p style=\"text-align: justify;\">The Cathedral is open every day of the week.<\/p>\n<p style=\"text-align: center;\"><strong>MASS TIMES<\/strong><\/p>\n<p><strong>Holy Masses<\/strong><\/p>\n<p><strong>on Sunday:<\/strong>\u00a0 7:00 am\u00a0 8:30 am 10:00 am 11:30 am\u00a0 6:00 pm<\/p>\n<p><strong>On Weekdays:\u00a0<\/strong>7:00 am\u00a0\u00a06:00 pm<\/p>\n<p><strong>\u00a0<\/strong><strong>On Saturday:\u00a0<\/strong>6:00 pm Anticipatory Mass<\/p>\n<p align=\"justify\">\n<\/address>\n","protected":false},"excerpt":{"rendered":"<p>K\u00f6sz\u00f6ntj\u00fck a debreceni r\u00f3mai katolikus Szent Anna F\u0151pl\u00e9b\u00e1nia honlapj\u00e1n! A pl\u00e9b\u00e1nos,\u00a0dr. Krakomperger Zolt\u00e1n\u00a0\u00e9s\u00a0a kiseg\u00edt\u0151 aty\u00e1k,\u00a0Pietro Trevisan \u00e9s Rojas Suero Rodorick\u00a0szeretettel k\u00f6sz\u00f6ntik a Szent Anna F\u0151pl\u00e9b\u00e1nia honlapj\u00e1nak\u00a0l\u00e1togat\u00f3it. F\u0151pl\u00e9b\u00e1nia el\u00e9rhet\u0151s\u00e9gei: levelez\u00e9si c\u00edm: 4024 \u2013 Debrecen, Szent Anna u. 21. tel.\/fax: (52) 536-652 e-mail:\u00a0szentannapl@gmail.com weboldal: szentannaplebania.dnyem.hu banksz\u00e1mlasz\u00e1munk: 10702064\u201370424368\u201351100005 &nbsp; pl\u00e9b\u00e1nos: Dr. Krakomperger Zolt\u00e1n, tel. 30\/619-6861 kiseg\u00edt\u0151 lelk\u00e9szek: Pietro &hellip; <a href=\"https:\/\/szentannaplebania.dnyem.hu\/\" class=\"more-link\"><span class=\"screen-reader-text\">Kezd\u0151lap<\/span> r\u00e9szletei&#8230;<\/a><\/p>\n","protected":false},"author":2,"featured_media":0,"parent":0,"menu_order":0,"comment_status":"closed","ping_status":"closed","template":"","meta":{"footnotes":""},"class_list":["post-4","page","type-page","status-publish","hentry"],"jetpack_shortlink":"https:\/\/wp.me\/P9doK4-4","jetpack_sharing_enabled":true,"_links":{"self":[{"href":"https:\/\/szentannaplebania.dnyem.hu\/index.php?rest_route=\/wp\/v2\/pages\/4","targetHints":{"allow":["GET"]}}],"collection":[{"href":"https:\/\/szentannaplebania.dnyem.hu\/index.php?rest_route=\/wp\/v2\/pages"}],"about":[{"href":"https:\/\/szentannaplebania.dnyem.hu\/index.php?rest_route=\/wp\/v2\/types\/page"}],"author":[{"embeddable":true,"href":"https:\/\/szentannaplebania.dnyem.hu\/index.php?rest_route=\/wp\/v2\/users\/2"}],"replies":[{"embeddable":true,"href":"https:\/\/szentannaplebania.dnyem.hu\/index.php?rest_route=%2Fwp%2Fv2%2Fcomments&post=4"}],"version-history":[{"count":2,"href":"https:\/\/szentannaplebania.dnyem.hu\/index.php?rest_route=\/wp\/v2\/pages\/4\/revisions"}],"predecessor-version":[{"id":2495,"href":"https:\/\/szentannaplebania.dnyem.hu\/index.php?rest_route=\/wp\/v2\/pages\/4\/revisions\/2495"}],"wp:attachment":[{"href":"https:\/\/szentannaplebania.dnyem.hu\/index.php?rest_route=%2Fwp%2Fv2%2Fmedia&parent=4"}],"curies":[{"name":"wp","href":"https:\/\/api.w.org\/{rel}","templated":true}]}}

Kezdőlap

<address><img loading="lazy" decoding="async" class="aligncenter size-large wp-image-1324" style="font-style: italic;" src="http://szentannaplebania.dnyem.hu/wp-content/uploads/pan02-1024x173.jpg" alt="" width="660" height="112" srcset="https://szentannaplebania.dnyem.hu/wp-content/uploads/pan02-1024x173.jpg 1024w, https://szentannaplebania.dnyem.hu/wp-content/uploads/pan02-300x51.jpg 300w, https://szentannaplebania.dnyem.hu/wp-content/uploads/pan02-768x130.jpg 768w, https://szentannaplebania.dnyem.hu/wp-content/uploads/pan02.jpg 1315w" sizes="auto, (max-width: 660px) 100vw, 660px" /></address>
<address style="text-align: center;"><strong><strong>Köszöntjük a debreceni római katolikus Szent Anna Főplébánia honlapján!</strong></strong></address>
<address>
<p align="justify">A plébános, dr. Krakomperger Zoltán és a kisegítő atyák, <b>Pietro Trevisan és Rojas Suero Rodorick</b> szeretettel köszöntik a Szent Anna Főplébánia honlapjának látogatóit.</p>
<p><a href="https://app.minup.io/book/szent-anna"><img loading="lazy" decoding="async" class="aligncenter size-large wp-image-2372" src="http://szentannaplebania.dnyem.hu/wp-content/uploads/idopontfoglalo-3-300x75.png" alt="" width="300" height="75" srcset="https://szentannaplebania.dnyem.hu/wp-content/uploads/idopontfoglalo-3-300x75.png 300w, https://szentannaplebania.dnyem.hu/wp-content/uploads/idopontfoglalo-3.png 567w" sizes="auto, (max-width: 300px) 100vw, 300px" /></a></p>
<p><strong>Főplébánia elérhetőségei:</strong></p>
<ul>
<li><strong>levelezési cím:</strong> 4024 – Debrecen, Szent Anna u. 21. tel./fax: (52) 536-652</li>
<li><strong>e-mail: </strong>szentannapl@gmail.com</li>
<li><strong>weboldal:</strong> szentannaplebania.dnyem.hu</li>
<li><strong>bankszámlaszámunk:</strong> 10702064–70424368–51100005</li>
</ul>
<p>&nbsp;</p>
<ul>
<li><strong>plébános:</strong> Dr. Krakomperger Zoltán, tel. 30/619-6861</li>
<li><strong>kisegítő lelkészek:</strong> Pietro Trevisan, tel. 30/147-7480; Rojas Suero Rodorick, tel. (52) 536-652</li>
<li><strong>kántor:</strong> Dobos Mihály, tel. 30/869-1825</li>
</ul>
<p>&nbsp;</p>
<ul>
<li><strong>ÜGYINTÉZÉS a plébánián személyesen </strong><br />
hétfő – péntek 09.00 — 12.30; 13.15 — 17.00ó</li>
<li><strong>KERESZTELÉS</strong> minden hónap 2. és 4. vasárnap 11.00-kor.</li>
<li><strong>GYÓNTATÁS</strong> minden szentmise előtt ½ órával vagy egyeztetett időpontban.</li>
<li><strong>LELKI BESZÉLGETÉS</strong> egyeztetett időpontban.</li>
<li><strong>BETEGLÁTOGATÁS</strong> otthon vagy kórházban kérésre bármikor</li>
</ul>
<p>&nbsp;</p>
<p style="text-align: center;"><strong>St. Anne’s Cathedral of Debrecen</strong></p>
<p style="text-align: center;"><strong>welcomes all visitors to our church</strong>.</p>
<p>&nbsp;</p>
<p style="text-align: justify;">St Anne’s Church is the Cathedral of the Debrecen-Nyíregyháza Roman Catholic Diocese. It is a place for silence, masses, music and lighting candles.</p>
<p style="text-align: justify;">The Cathedral rests on three main pillars: church services, art and diaconate. We firmly believe that these pillars support and enrich the individual and make the Cathedral a spiritual home to all people.</p>
<p style="text-align: justify;">We focus our attention on the Lord&#8217;s receptiveness to life in all its forms. We believe in the connection between the Holy and the ordinary, the Holy and glorious God and human pain, loneliness and distress. We believe that the light of our Lord shines through our cracks.</p>
<p style="text-align: justify;">The Cathedral is open every day of the week.</p>
<p style="text-align: center;"><strong>MASS TIMES</strong></p>
<p><strong>Holy Masses</strong></p>
<p><strong>on Sunday:</strong>  7:00 am  8:30 am 10:00 am 11:30 am  6:00 pm</p>
<p><strong>On Weekdays: </strong>7:00 am  6:00 pm</p>
<p><strong> </strong><strong>On Saturday: </strong>6:00 pm Anticipatory Mass</p>
<p align="justify">
</address>

<p>Köszöntjük a debreceni római katolikus Szent Anna Főplébánia honlapján! A plébános, dr. Krakomperger Zoltán és a kisegítő atyák, Pietro Trevisan és Rojas Suero Rodorick szeretettel köszöntik a Szent Anna Főplébánia honlapjának látogatóit. Főplébánia elérhetőségei: levelezési cím: 4024 – Debrecen, Szent Anna u. 21. tel./fax: (52) 536-652 e-mail: szentannapl@gmail.com weboldal: szentannaplebania.dnyem.hu bankszámlaszámunk: 10702064–70424368–51100005 &nbsp; plébános: Dr. Krakomperger Zoltán, tel. 30/619-6861 kisegítő lelkészek: Pietro &hellip; <a href="https://szentannaplebania.dnyem.hu/" class="more-link"><span class="screen-reader-text">Kezdőlap</span> részletei&#8230;</a></p>
